 + 3?
5b
In base 15, what is -a - -1a?
10
In base 7, what is 51366 - 2?
51364
In base 11, what is 2 - 12?
-10
In base 7, what is 3 - 13?
-10
In base 8, what is 3 + -43?
-40
In base 8, what is 74 + -265?
-171
In base 9, what is 18 + 682?
711
In base 16, what is -2b0 + -5?
-2b5
In base 14, what is 26 + 124?
14a
In base 7, what is -113 - -1?
-112
In base 16, what is -3d + -25?
-62
In base 13, what is -14 + -232?
-246
In base 12, what is -4 + -1136?
-113a
In base 5, what is -3 + -144?
-202
In base 11, what is 29 + 3?
31
In base 5, what is -2 + -304?
-311
In base 15, what is 189 + 6?
190
In base 3, what is -1102 + -1?
-1110
In base 16, what is 1 + -31d?
-31c
In base 7, what is -1 + 20?
16
In base 6, what is -120 + 3?
-113
In base 8, what is 111 + -1?
110
In base 5, what is -20 - 13212?
-13232
In base 16, what is 79 - 6?
73
In base 14, what is -8 + -8c?
-96
In base 8, what is -124 + 5?
-117
In base 4, what is 2 + -1322?
-1320
In base 9, what is -10 - 11?
-21
In base 15, what is -1412 - -4?
-140d
In base 12, what is 8 - 24?
-18
In base 8, what is 3662 - 5?
3655
In base 11, what is 24 + -44?
-20
In base 13, what is 10 - -9?
19
In base 6, what is -21010 + 2?
-21004
In base 10, what is 68 - -19?
87
In base 16, what is 27 + 7?
2e
In base 14, what is 1 + 1c?
1d
In base 3, what is -11020 + -1?
-11021
In base 9, what is -6 - 84?
-101
In base 9, what is -164 + 5?
-158
In base 8, what is -4 - -117?
113
In base 8, what is 105 + 2?
107
In base 3, what is -122 + 22110?
21211
In base 12, what is -427 - 6?
-431
In base 4, what is 0 + 231?
231
In base 2, what is -110001 - 110000?
-1100001
In base 12, what is a - 2?
8
In base 12, what is 50 + -4?
48
In base 8, what is -216 - -206?
-10
In base 4, what is 1111 + -1000?
111
In base 7, what is -651 + -2?
-653
In base 14, what is -7 - ab?
-b4
In base 9, what is -2 - -541?
538
In base 7, what is 3 - -646?
652
In base 14, what is 8 + -1c?
-14
In base 13, what is -17 + 2?
-15
In base 9, what is -4 - -26?
22
In base 4, what is -32 + -3?
-101
In base 2, what is -10000 - -1110?
-10
In base 15, what is -d5 - 5?
-da
In base 11, what is -8 + 248?
240
In base 13, what is -161 + 2?
-15c
In base 6, what is -11 + -1021?
-1032
In base 2, what is 11 - -1011?
1110
In base 4, what is 13 + -3022?
-3003
In base 10, what is 4 - 72?
-68
In base 5, what is 434 + -2?
432
In base 14, what is -11b - -2?
-119
In base 16, what is -5e + 4?
-5a
In base 7, what is -64 - 31?
-125
In base 16, what is 7 + -4?
3
In base 14, what is 70 + -12?
5c
In base 14, what is c9 - -1?
ca
In base 3, what is -100101202 - 11?
-100101220
In base 4, what is -1003 + -101?
-1110
In base 13, what is 2b + -17?
14
In base 9, what is -104 - 2?
-106
In base 5, what is 23 + -21?
2
In base 13, what is a8 + -1?
a7
In base 2, what is -1101110011 + -11?
-1101110110
In base 3, what is 0 + 10022000?
10022000
In base 14, what is -1c3 - -3?
-1c0
In base 12, what is -3a5 + -8?
-3b1
In base 4, what is -1 - 331?
-332
In base 14, what is -1413 + -8?
-141b
In base 7, what is -42 + -2?
-44
In base 13, what is -2aa + -5?
-2b2
In base 10, what is -1796 + -4?
-1800
In base 16, what is -1043 + 3?
-1040
In base 10, what is -852 + 4?
-848
In base 9, what is -4 - 3683?
-3687
In base 7, what is -12 - 154?
-166
In base 3, what is -200 + -222?
-1122
In base 5, what is -234 + 141?
-43
In base 5, what is 2 - 33?
-31
In base 12, what is -141a + -2?
-1420
In base 9, what is 2 - 13?
-11
In base 11, what is 63 + -1?
62
In base 2, what is 10101001011 - 11010?
10100110001
In base 8, what is -17 - -2434?
2415
In base 5, what is -132 - -420?
233
In base 13, what is -318 - 1?
-319
In base 6, what is 11 + 351?
402
In base 15, what is 10 - da?
-ca
In base 15, what is 2 + 2354?
2356
In base 12, what is -3 + 32?
2b
In base 14, what is 12 + 263?
275
In base 15, what is 19d - 5?
198
In base 3, what is 101211 - -10?
101221
In base 14, what is -3 - 8a?
-8d
In base 13, what is 0 + -6a6?
-6a6
In base 5, what is 32244 - -1?
32300
In base 9, what is 1304 - -5?
1310
In base 12, what is -5 + -49?
-52
In base 16, what is 5 + 195?
19a
In base 16, what is 2 + -1a41?
-1a3f
In base 13, what is -3 - 1a?
-20
In base 4, what is 11 + -1021?
-1010
In base 10, what is 33 + 244?
277
In base 3, what is 21 - -1222120?
1222211
In base 2, what is -101 - 10110100?
-10111001
In base 15, what is 3 + -a?
-7
In base 3, what is 12 + -1121001?
-1120212
In base 4, what is 20 - 10?
10
In base 4, what is -11 - -1122?
1111
In base 8, what is 5 + 102?
107
In base 15, what is -1c + 194?
177
In base 13, what is 80c - 1?
80b
In base 11, what is -2 - -349?
347
In base 5, what is -32003 - 2?
-32010
In base 5, what is 10 - 14421?
-14411
In base 15, what is -277 - 1?
-278
In base 3, what is 11 + -1202?
-1121
In base 4, what is -120 - 2233?
-3013
In base 14, what is -379 + -4?
-37d
In base 15, what is -5 - a2c?
-a32
In base 10, what is 2 + -79?
-77
In base 8, what is 0 + -155?
-155
In base 16, what is -ed + -1?
-ee
In base 10, what is -5177 + 1?
-5176
In base 13, what is -153 - -3?
-150
In base 15, what is -22 - -7?
-1a
In base 15, what is 53 - -2?
55
In base 11, what is 418 - 5?
413
In base 11, what is -1 + 216?
215
In base 6, what is 52 + -220?
-124
In base 14, what is -6 - -2?
-4
In base 14, what is 511 + 5?
516
In base 11, what is -372 - 24?
-396
In base 5, what is -40 + 4?
-31
In base 3, what is -2 - -200022?
200020
In base 13, what is 4 - -16?
1a
In base 8, what is 7 - 36?
-27
In base 9, what is -101 + -40?
-141
In base 4, what is -132 - 20?
-212
In base 11, what is -5 + -1a4?
-1a9
In base 7, what is -64 + 221?
124
In base 4, what is -20 - -131?
111
In base 14, what is 71 + 5?
76
In base 16, what is 7d + -5?
78
In base 6, what is 4 + -2302?
-2254
In base 8, what is -713 + -11?
-724
In base 15, what is -5 - 266b?
-2671
In base 16, what is -7 + -5d?
-64
In base 6, what is 0 + 12211?
12211
In base 13, what is 5 + 313?
318
In base 6, what is -304254 + 0?
-304254
In base 8, what is -64 - -2?
-62
In base 15, what is 6 - 42?
-3b
In base 8, what is -107 - -25?
-62
In base 11, what is -1 - -1300?
12aa
In base 2, what is -1000101000010 - 10?
-1000101000100
In base 15, what is -2 + 45?
43
In base 4, what is 13 - 2213?
-2200
In base 14, what is -514d - 0?
-514d
In base 8, what is 14 + -23?
-7
In base 2, what is 110010 - 1011?
100111
In base 16, what is -387 + 1?
-386
In base 14, what is 5 + -83?
-7c
In base 4, what is 222 - -21?
303
In base 9, what is 385 + -40?
345
In base 15, what is -9 + -27?
-31
In base 6, what is 321 - -2?
323
In base 4, what is 101303 + 2?
101311
In base 3, what is 2 - 10112?
-10110
In base 9, what is 5602 - 2?
5600
In base 12, what is 5 - 420?
-417
In base 7, what is -5 - -401?
363
In base 8, what is 1103 - -16?
1121
In base 14, what is 14c + 39?
187
In base 9, what is 136 - 15?
121
In base 15, what is 0 + -57e?
-57e
In base 6, what is 0 - 5012?
-5012
In base 12, what is -9b - -19?
-82
In base 2, what is -1110011001100 - -10?
-1110011001010
In base 5, what is -1402 + 0?
-1402
In base 8, what is -1 - 477?
-500
In base 4, what is 20100 - -11?
20111
In base 4, what is 111 + -102102?
-101331
In base 14, what is 1a - -5?
21
In base 9, what is -42 + -6?
-48
In base 13, what is b - 7?
4
In base 10, what is 4 + -2?
2
In base 3, what is -22 + 112012?
111220
In base 14, what is -b + 29?
1c
In base 12, what is -21 - 13?
-34
In base 6, what is 3 + -303?
-300
In base 3, what is -22 - 10201?
-11000
In base 3, what is -1 + -1021?
-1022
In base 8, what is -3 - 1?
-4
In base 7, what is 16645 + -4?
16641
In base 9, what is -4381 - 4?
-4385
In base 8, what is 4 + 116?
122
In base 15, what is ad + -1?
ac
In base 3, what is 10 + -12112?
-12102
In base 15, what is 379 - -1?
37a
In base 8, what is -36 - 5?
-43
In base 3, what is 102101 - 12?
102012
In base 13, what is -816 - -1?
-815
In base 8, what is -60 - 14?
-74
In base 5, what is -10 + -1140?
-1200
In base 12, what is 33a6 - 3?
33a3
In base 13, what is -730 - 3?
-733
In base 13, what is -1001 - -2?
-ccc
In base 14, what is 2 + 4c7?
4c9
In base 16, what is -3 + -37?
-3a
In base 8, what is 4 + -655?
-651
In base 14, what is 3 + c68?
c6b
In base 11, what is 5 + -34?
-2a
In base 5, what is -331 + -3?
-334
In base 7, what is -12 + 225?
213
In base 12, what is 3 - -536?
539
In base 13, what is 15b4 + -2?
15b2
In 